 + 51. List the prime factors of y.
2, 5
Let j(x) = 25*x - 1. Let p be j(3). List the prime factors of (-4)/(-8) - p/(-4).
19
Suppose h + 5*h = 1356. List the prime factors of h.
2, 113
Let s(l) = -l**2 + 4*l + 7. Let b be s(5). Suppose 30 = b*f + 2*m, f - 5*m + 61 = 5*f. What are the prime factors of f?
2, 7
Suppose -10 = 6*w - w. Let k(p) = p**2 - 2*p + 1. What are the prime factors of k(w)?
3
Let x(r) = 32 + r**3 - 5*r**2 - 4*r + 11*r - 36. What are the prime factors of x(5)?
31
Let y(v) = v**3 + v**2 - v + 4. Suppose -5*q + 6 = z - 7, -2*q + 4 = z. List the prime factors of y(q).
37
Let y = 6 - 3. Suppose -y*k + 7 = 2*f, 5*f - 9 = -k + 2. List the prime factors of f.
2
Suppose 4 = 5*g - 4*p, 3*p + 3 = g - 0*p. Suppose 0 = -4*h - 4*z - 12, h + 14 = 3*z - 9. Let m = g - h. What are the prime factors of m?
2
Let o(s) = s**2 + 5*s - 7. Let q be o(-6). Let k(a) = 4*a + 3. Let y be k(3). Let x = y - q. What are the prime factors of x?
2
Suppose 3*l + 2*l = 0. Suppose l*t - 4*t = -56. What are the prime factors of t?
2, 7
Let g(c) = c**2 - 5*c + 7. Let a be 4/(-6) + 40/6. Let m be g(a). Let n = 24 - m. List the prime factors of n.
11
Suppose u - 2*s = s + 22, -3*s + 12 = 0. What are the prime factors of u?
2, 17
Let q(j) = 9*j**2 - 3*j. List the prime factors of q(2).
2, 3, 5
Let j(x) = -x**2 + 6*x + 2. Suppose 4*z = 2*z + 12. Let o be j(z). Suppose 2*d = b + 30, -7*b + 5*b = o*d - 30. What are the prime factors of d?
3, 5
Suppose -p = -42 - 85. What are the prime factors of p?
127
Let a = 6 + -11. Let t(u) = u**3 + 4*u**2 - 5*u + 7. List the prime factors of t(a).
7
Suppose 0 = -o + 3*o - 14. Let m(b) = 1 + b**2 + 8 - o*b - 1. What are the prime factors of m(8)?
2
Suppose 5*o + 3*s = -2*s + 115, -2*o + 42 = -2*s. List the prime factors of o.
2, 11
Suppose -2*r - 3*h = -51 - 30, 6 = 2*h. Let j = -6 + r. What are the prime factors of j?
2, 3, 5
Let p(c) = 4*c + 2. List the prime factors of p(4).
2, 3
Suppose -3*c = 3 - 18. Let n(i) = -i**3 - 3*i**2 - 2*i + 2. Let u be n(-2). Let y = c - u. List the prime factors of y.
3
Let r = 267 + -148. List the prime factors of r.
7, 17
Suppose 4*q + 18 = 5*o, 3*o - 9 = 5*q + 7. Suppose 3*g - 10 = -o*g. List the prime factors of ((-12)/14)/(g/(-14)).
2, 3
Suppose 18*o + 428 = 22*o. List the prime factors of o.
107
Suppose -5*n + 3 = -2. Suppose 0 = v - 5, 2*m - 2*v + n + 3 = 0. What are the prime factors of m?
3
What are the prime factors of 2068/20 + (-1)/((-10)/(-4))?
103
Let w(g) = g**3 - 2*g**2 - 3*g - 1. Let z be w(-2). Let r = -8 - z. List the prime factors of r.
3
Suppose -2*v + 0*v - 2*x + 382 = 0, 3*v - 572 = -2*x. List the prime factors of v.
2, 5, 19
Let v(b) = b**3 + 13*b**2 + 13*b - 2. Let x be v(-12). Let q = x - -21. What are the prime factors of q?
7
Let p(a) = a**3 - a**2 - 18. Let m be p(0). Let j = -4 + 7. List the prime factors of (4/j)/((-3)/m).
2
Let v(j) = j**2 + 8*j - 5. Let f be v(-9). List the prime factors of (-2 - -5) + f + -3.
2
Let q(t) = t**2 + 3*t. Let m(b) = -2*b**2 - 4*b. Let c(k) = -2*m(k) - 3*q(k). List the prime factors of c(-5).
2, 3, 5
Let g(p) = -3*p**2 + 26*p + 23. Let o(u) = u**2 - 9*u - 8. Let h(d) = -6*g(d) - 17*o(d). Let x be h(2). Let c = x + 15. List the prime factors of c.
11
Let o be ((-8)/10)/(1/5). Let p = o - -7. Suppose p*w + w = 32. List the prime factors of w.
2
Let p(m) = -87*m**3 - m**2 - 3*m - 2. Let f be p(-2). Let n be f/30*(-10)/(-4). Suppose -4*a + n = 18. What are the prime factors of a?
2, 5
Let c(v) = v**2 + 5*v - 6. Let l be c(-6). Suppose l = 2*i - 0*i - 4. Let d(f) = 2*f**2 - 3*f + 2. What are the prime factors of d(i)?
2
Let l(n) = n**2 - 2*n + 4. Let b(r) = r**2 - 3*r + 6. Let u(q) = 5*b(q) - 7*l(q). Let c be u(-2). Let i = c + 15. List the prime factors of i.
11
Suppose 3*v - j - 171 = 0, 0 = -3*v - 2*v - 5*j + 265. List the prime factors of v.
2, 7
Suppose 0 = -u + 40 - 6. Let i = u + -24. What are the prime factors of i?
2, 5
Suppose -5*h + 0*h + 51 = 4*x, 3*x = -h + 30. Let r = 5 + x. List the prime factors of r.
2, 7
Suppose -4*l + 2*l - 2 = 0. Let s(p) = -25*p**3 - p**2. List the prime factors of s(l).
2, 3
Suppose -2*b = -0 - 10. List the prime factors of b.
5
Suppose -29 = -a - 4*q - 5, 3*q - 53 = -2*a. List the prime factors of a.
2, 7
Let j be ((-4)/12)/(1/(-9)). Let z = -28 - -40. What are the prime factors of z - (1 + j + -2)?
2, 5
Let c(n) = n + 9. Let o be c(-6). Suppose 0*y - 36 = -o*y. List the prime factors of y.
2, 3
Let q be 6/(-2)*(-5)/5. Suppose 3*b + 64 = -q*g - 2*b, -5*b + 26 = -2*g. Let f = 27 + g. What are the prime factors of f?
3
Suppose 3*r + r = 0. Suppose r = 2*j + 2*j + 16. Let o = j - -7. List the prime factors of o.
3
List the prime factors of 1 - 2 - 8*-2.
3, 5
List the prime factors of 1 + (-467)/(-7) - 32/(-112).
2, 17
Suppose 3*p - 5 + 23 = 0. Let f be (18/15)/(p/(-20)). Let v = f - -6. List the prime factors of v.
2, 5
Suppose -4*a = -46 + 10. Let o(d) = -7*d + 11 + 8*d + 0*d. What are the prime factors of o(a)?
2, 5
Suppose 5*l - 36 = -q + 2*q, -2*l = -4*q. Suppose 4*s - l = 8. Suppose -4*h = 4*i - 8*i + 8, 0 = -5*i - s*h + 46. What are the prime factors of i?
2, 3
Let c(l) = -l**2 + 5*l. Let s be c(6). Let j = -12 - 0. List the prime factors of (j/1)/(s/4).
2
Let d(k) = 34*k**3 - 5*k**2 - 2*k + 5. Let n(j) = 17*j**3 - 2*j**2 - j + 2. Let l(a) = 2*d(a) - 5*n(a). What are the prime factors of l(-1)?
2
Suppose 8*h = 7*h + 28. What are the prime factors of h?
2, 7
Let m be (1 + -1)/((-2)/(-2)). Suppose m = -3*r + 2*f + 10, -3*f - 4 = r - 0*f. Suppose -r*x + c = 3*c - 24, 0 = 4*x - c - 23. List the prime factors of x.
7
Let q(n) = -n**2 + 44*n - 5. List the prime factors of q(32).
379
Let p(m) = -3*m**2 + 13*m + 16. Let b(n) = 5*n**2 - 25*n - 31. Let f(l) = -4*b(l) - 7*p(l). Let t = -2 - 6. What are the prime factors of f(t)?
2
Let y be 183/15 + 4/(-20). Let z = 30 - y. List the prime factors of z.
2, 3
Suppose 0*d = 2*d. Suppose 0 = -v - d*v - 8. Let t = -3 - v. What are the prime factors of t?
5
Suppose 8*q = 4*q - 12. Let w(x) = 1 + x - x - x. List the prime factors of w(q).
2
Let b(y) = -6*y**3 - 3*y**2 - 2*y - 9. Let w(a) = -6*a**3 - 3*a**2 - 2*a - 10. Let u(x) = 7*b(x) - 6*w(x). What are the prime factors of u(-2)?
37
Suppose 0 = 7*q - 3*q - 8. Suppose -3*l = -7*l + q*b - 116, 142 = -5*l + b. List the prime factors of l/(-3) - 4/12.
3
Suppose -4*r = -37 - 35. What are the prime factors of r?
2, 3
Let v = -1 + 6. Suppose -9*f + 4 = -v*f. Let q = 4 - f. What are the prime factors of q?
3
Suppose 3*q - 610 = -u, 4*q - 813 = 5*u - 6*u. List the prime factors of q.
7, 29
Let i be 6 + 0 - (1 + 1). Suppose 75 = i*b - 9*b. Let h = -7 - b. What are the prime factors of h?
2
Let h be -7 + 8 - (1 - 2). Let o(m) = 3 + 2 + h*m + 1. List the prime factors of o(6).
2, 3
Let f(u) = 3*u**3 + 6*u**2 + 7*u + 5. Let d(j) = j**3 + j. Let l(w) = -4*d(w) + f(w). List the prime factors of l(5).
3, 5
Let j be (3 + 0)/((-2)/4). Let i = 12 + j. Suppose -i*z = -2*z - 36. List the prime factors of z.
3
Let k(j) = -j + 4. Let i be k(4). Suppose -2*h + 0*h + 26 = i. List the prime factors of h.
13
Suppose 2*d - u - 44 = -6*u, 0 = -5*u + 20. List the prime factors of d.
2, 3
Let w(h) = h**3 - 13*h**2 + 2. Let u be w(13). Suppose -i + 27 = 5. Suppose 0*l - i = -2*l + 3*j, u*l - 22 = -2*j. What are the prime factors of l?
11
Suppose -2*m + 9 = -m. What are the prime factors of (-2)/(-6) - (-195)/m?
2, 11
Let b(p) = -p + 2. Let x be 0 - (1 - (-1 + 1)). Let c be x - (0 - (-3 + 2)). What are the prime factors of b(c)?
2
Let w be (-16)/(-10) - 6/(-15). Let v be w/4 + (-63)/14. Let p(z) = 2*z**2 + 3*z - 3. What are the prime factors of p(v)?
17
Let k = 20 - 6. What are the prime factors of k?
2, 7
Suppose 0 = 8*t - 9*t + 2. Suppose 32 = 4*i - t*i. List the prime factors of i.
2
Let i = 5 - 5. Suppose i = r + r - 6. What are the prime factors of (3 - r) + 2 + 2?
2
Suppose 0 = -2*x - 2*t + 18, 5*x + 0*t = -t + 37. What are the prime factors of x?
7
Suppose 1068 = 4*a - 384. List the prime factors of a.
3, 11
Let q = -267 + 521. What are the prime factors of q?
2, 127
Let i = 128 - -135. What are the prime factors of i?
263
Let s = -2 + 7. Suppose -11 = -2*h + h + 5*m, 4*h + s*m = 44. What are the prime factors of h?
11
Let d = -10 - 0. 